of 14732716?
1
What is the hundred thousands digit of 22801773?
8
What is the ten thousands digit of 8265703?
6
What is the hundred thousands digit of 362033?
3
What is the ten thousands digit of 1740794?
4
What is the tens digit of 1402873?
7
What is the thousands digit of 447554?
7
What is the hundreds digit of 4262707?
7
What is the ten thousands digit of 40424?
4
What is the tens digit of 20490?
9
What is the tens digit of 663282?
8
What is the ten thousands digit of 11630229?
3
What is the thousands digit of 305095?
5
What is the hundred thousands digit of 6986348?
9
What is the units digit of 1618567?
7
What is the units digit of 15327932?
2
What is the thousands digit of 2107609?
7
What is the hundreds digit of 12676?
6
What is the thousands digit of 2912653?
2
What is the ten thousands digit of 24574?
2
What is the tens digit of 2264115?
1
What is the hundreds digit of 192392?
3
What is the thousands digit of 975800?
5
What is the ten thousands digit of 7649020?
4
What is the hundred thousands digit of 2558151?
5
What is the hundreds digit of 2808030?
0
What is the thousands digit of 256139?
6
What is the hundreds digit of 92055?
0
What is the tens digit of 362443?
4
What is the tens digit of 3367658?
5
What is the thousands digit of 24916?
4
What is the ten thousands digit of 2661533?
6
What is the ten thousands digit of 10173926?
7
What is the thousands digit of 259771?
9
What is the millions digit of 1083927?
1
What is the hundred thousands digit of 2522434?
5
What is the hundred thousands digit of 459832?
4
What is the tens digit of 2575707?
0
What is the hundred thousands digit of 1990601?
9
What is the thousands digit of 2769302?
9
What is the hundreds digit of 1144035?
0
What is the hundreds digit of 10974981?
9
What is the tens digit of 12800580?
8
What is the ten thousands digit of 3144530?
4
What is the hundred thousands digit of 917830?
9
What is the thousands digit of 169237?
9
What is the hundreds digit of 1928662?
6
What is the ten thousands digit of 3408069?
0
What is the ten millions digit of 17054865?
1
What is the hundreds digit of 10094303?
3
What is the ten thousands digit of 203991?
0
What is the tens digit of 7080756?
5
What is the thousands digit of 256736?
6
What is the millions digit of 1099002?
1
What is the thousands digit of 379142?
9
What is the thousands digit of 945161?
5
What is the ten thousands digit of 6953208?
5
What is the hundred thousands digit of 471632?
4
What is the hundred thousands digit of 747196?
7
What is the hundred thousands digit of 836907?
8
What is the ten thousands digit of 871827?
7
What is the units digit of 317451?
1
What is the hundreds digit of 1103364?
3
What is the hundred thousands digit of 1832878?
8
What is the thousands digit of 3537649?
7
What is the units digit of 722587?
7
What is the units digit of 4801099?
9
What is the hundred thousands digit of 5225597?
2
What is the ten thousands digit of 566692?
6
What is the hundred thousands digit of 2832076?
8
What is the hundreds digit of 617270?
2
What is the hundreds digit of 458847?
8
What is the tens digit of 8489267?
6
What is the ten thousands digit of 478798?
7
What is the thousands digit of 3415868?
5
What is the hundred thousands digit of 3027006?
0
What is the hundred thousands digit of 10977365?
9
What is the hundred thousands digit of 294836?
2
What is the hundreds digit of 386614?
6
What is the hundred thousands digit of 309244?
3
What is the hundred thousands digit of 19779758?
7
What is the hundred thousands digit of 555793?
5
What is the ten thousands digit of 163102?
6
What is the ten thousands digit of 116028?
1
What is the tens digit of 364225?
2
What is the thousands digit of 994202?
4
What is the units digit of 553127?
7
What is the tens digit of 9147023?
2
What is the thousands digit of 11698724?
8
What is the millions digit of 2026484?
2
What is the hundred thousands digit of 22201563?
2
What is the hundred thousands digit of 3986282?
9
What is the hundreds digit of 901117?
1
What is the thousands digit of 13356529?
6
What is the ten thousands digit of 7164708?
6
What is the ten thousands digit of 352567?
5
What is the hundred thousands digit of 2894162?
8
What is the units digit of 211501?
1
What is the thousands digit of 534322?
4
What is the thousands digit of 2109403?
9
What is the thousands digit of 2398877?
8
What is the ten millions digit of 15995533?
1
What is the units digit of 453271?
1
What is the units digit of 171752?
2
What is the units digit of 372318?
8
What is the millions digit of 3352523?
3
What is the tens digit of 9055949?
4
What is the units digit of 521960?
0
What is the thousands digit of 360501?
0
What is the units digit of 15929069?
9
What is the thousands digit of 1197946?
7
What is the ten millions digit of 38896302?
3
What is the tens digit of 5539655?
5
What is the ten millions digit of 17204793?
1
What is the tens digit of 2654731?
3
What is the units digit of 325925?
5
What is the hundred thousands digit of 17916541?
9
What is the tens digit of 68786?
8
What is the thousands digit of 13542473?
2
What is the tens digit of 279564?
6
What is the hundred thousands digit of 6967615?
9
What is the thousands digit of 199057?
9
What is the hundreds digit of 114529?
5
What is the millions digit of 1246467?
1
What is the ten thousands digit of 55315?
5
What is the hundred thousands digit of 2972561?
9
What is the hundred thousands digit of 143019?
1
What is the units digit of 7541282?
2
What is the hundreds digit of 3048778?
7
What is the thousands digit of 33768550?
8
What is the hundreds digit of 12657028?
0
What is the units digit of 3188503?
3
What is the hundreds digit of 1486697?
6
What is the hundred thousands digit of 4921541?
9
What is the millions digit of 3359647?
3
What is the ten millions digit of 23352927?
2
What is the tens digit of 5612846?
4
What is the ten thousands digit of 56506?
5
What is the millions digit of 9387521?
9
What is the thousands digit of 1649723?
9
What is the millions digit of 23231446?
3
What is the units digit of 14989306?
6
What is the units digit of 18522608?
8
What is the hundred thousands digit of 342689?
3
What is the tens digit of 2638745?
4
What is the ten thousands digit of 1237371?
3
What is the ten thousands digit of 709490?
0
What is the millions digit of 4640406?
4
What is the tens digit of 658403?
0
What is the thousands digit of 8326641?
6
What is the thousands digit of 3434027?
4
What is the hundred thousands digit of 24427568?
4
What is the units digit of 24976807?
7
What is the ten millions digit of 14374358?
1
What is the thousands digit of 2401255?
1
What is the tens digit of 455168?
6
What is the ten thousands digit of 4138450?
3
What is the hundred thousands digit of 231080?
2
What is the units digit of 19065756?
6
What is the hundreds digit of 919258?
2
What is the hundreds digit of 6604124?
1
What is the units digit of 2365280?
0
What is the hundreds digit of 4790557?
5
What is the tens digit of 3533803?
0
What is the tens digit of 9230709?
0
What is the hundreds digit of 421351?
3
What is the hundred thousands digit of 1891750?
8
What is the tens digit of 8459?
5
What is the units digit of 137819?
9
What is the thousands digit of 18259443?
9
What is the thousands digit of 160839?
0
What is the ten thousands digit of 115336?
1
What is the ten thousands digit of 519172?
1
What is the hundreds digit of 355887?
8
What is the millions digit of 3500483?
3
What is the ten thousands digit of 120346?
2
What is the hundred thousands digit of 807833?
8
What is the tens digit of 10520498?
9
What is the hundred thousands digit of 1501662?
5
What is the units digit of 1578319?
9
What is the hundred thousands digit of 106516?
1
What is the units digit of 2985635?
5
What is the units digit of 848850?
0
What is the millions digit of 1390127?
1
What is the millions digit of 2618925?
2
What is the ten thousands digit of 283924?
8
What is the ten thousands digit of 355074?
5
What is the hundred thousands digit of 388273?
3
What is the thousands digit of 289173?
9
What is the tens digit of 224005?
0
What is the hundreds digit of 207027?
0
What is the units digit of 263279?
9
What is the hundred thousands digit of 557874?
5
What is the hu